{"id":221,"date":"2022-04-01T10:41:39","date_gmt":"2022-04-01T08:41:39","guid":{"rendered":"https:\/\/vivele.traincevenol.eu\/?page_id=221"},"modified":"2022-07-16T15:22:40","modified_gmt":"2022-07-16T13:22:40","slug":"le-patrimoine","status":"publish","type":"page","link":"https:\/\/vivele.traincevenol.eu\/?page_id=221","title":{"rendered":"Le patrimoine"},"content":{"rendered":"<p>Il faut entretenir ou faire \u00e9voluer certains ouvrages laiss\u00e9s \u00e0 l&rsquo;abandon soit par la SNCF soit par les communes, quelquefois nouvelles propri\u00e9taires. L&rsquo;association est l\u00e0 pour inciter \u00e0 la r\u00e9novation et la conservation.<\/p>\n<p><img loading=\"lazy\" class=\"aligncenter size-large wp-image-351\" src=\"https:\/\/vivele.traincevenol.eu\/wp-content\/uploads\/2022\/06\/patrimoineIMG_6917-682x1024.jpg\" alt=\"\" width=\"682\" height=\"1024\" srcset=\"https:\/\/vivele.traincevenol.eu\/wp-content\/uploads\/2022\/06\/patrimoineIMG_6917-682x1024.jpg 682w, https:\/\/vivele.traincevenol.eu\/wp-content\/uploads\/2022\/06\/patrimoineIMG_6917-200x300.jpg 200w, https:\/\/vivele.traincevenol.eu\/wp-content\/uploads\/2022\/06\/patrimoineIMG_6917-768x1152.jpg 768w, https:\/\/vivele.traincevenol.eu\/wp-content\/uploads\/2022\/06\/patrimoineIMG_6917-1024x1536.jpg 1024w, https:\/\/vivele.traincevenol.eu\/wp-content\/uploads\/2022\/06\/patrimoineIMG_6917-1365x2048.jpg 1365w, https:\/\/vivele.traincevenol.eu\/wp-content\/uploads\/2022\/06\/patrimoineIMG_6917-600x900.jpg 600w, https:\/\/vivele.traincevenol.eu\/wp-content\/uploads\/2022\/06\/patrimoineIMG_6917.jpg 1574w\" sizes=\"(max-width: 682px) 100vw, 682px\" \/><\/p>\n<p>&nbsp;<\/p>\n<p><a href=\"https:\/\/vivele.traincevenol.eu\/wp-content\/uploads\/2022\/06\/chateaulangogne.jpg\"><img loading=\"lazy\" class=\"aligncenter size-full wp-image-324\" src=\"https:\/\/vivele.traincevenol.eu\/wp-content\/uploads\/2022\/06\/chateaulangogne.jpg\" alt=\"\" width=\"468\" height=\"600\" srcset=\"https:\/\/vivele.traincevenol.eu\/wp-content\/uploads\/2022\/06\/chateaulangogne.jpg 468w, https:\/\/vivele.traincevenol.eu\/wp-content\/uploads\/2022\/06\/chateaulangogne-234x300.jpg 234w\" sizes=\"(max-width: 468px) 100vw, 468px\" \/><\/a><\/p>\n<p>&nbsp;<\/p>\n<h3><strong>Premi\u00e8re op\u00e9ration pr\u00e9vue le jeudi 7 juillet 2022 gare de La Bastide Puylaurent (Loz\u00e8re). T\u00e9l\u00e9phoner pour participer au 0688308891.<\/strong><\/h3>\n<p>&nbsp;<\/p>\n<p><img loading=\"lazy\" class=\"aligncenter size-large wp-image-349\" src=\"https:\/\/vivele.traincevenol.eu\/wp-content\/uploads\/2022\/06\/affiche-chantier-volontaire-724x1024.jpg\" alt=\"\" width=\"724\" height=\"1024\" srcset=\"https:\/\/vivele.traincevenol.eu\/wp-content\/uploads\/2022\/06\/affiche-chantier-volontaire-724x1024.jpg 724w, https:\/\/vivele.traincevenol.eu\/wp-content\/uploads\/2022\/06\/affiche-chantier-volontaire-212x300.jpg 212w, https:\/\/vivele.traincevenol.eu\/wp-content\/uploads\/2022\/06\/affiche-chantier-volontaire-768x1087.jpg 768w, https:\/\/vivele.traincevenol.eu\/wp-content\/uploads\/2022\/06\/affiche-chantier-volontaire-600x849.jpg 600w, https:\/\/vivele.traincevenol.eu\/wp-content\/uploads\/2022\/06\/affiche-chantier-volontaire.jpg 826w\" sizes=\"(max-width: 724px) 100vw, 724px\" \/><\/p>\n<p>&nbsp;<\/p>\n<p><strong>Petit reportage de la journ\u00e9e du 8 juillet 2022 :<\/strong><\/p>\n<p align=\"justify\">La Ligne des C\u00e9vennes sort de trois mois d\u2019un nouveau lifting, les trains circulent \u00e0 nouveau et comme l\u2019\u00e9t\u00e9 dernier la ligne connait un pic de fr\u00e9quentation. L\u2019an dernier l\u2019association \u00ab\u00a0150 ans le C\u00e9venol\u00a0\u00bb avait assur\u00e9 une animation exceptionnelle sur la ligne, dans le cadre des 150 ans de cette ligne mythique. A la fin de l\u2019ann\u00e9e, l\u2019association, conform\u00e9ment \u00e0 ses statuts a \u00e9t\u00e9 dissoute, mais l\u2019\u00e9quipe de b\u00e9n\u00e9voles issus de la Haute-Loire, la Loz\u00e8re et le Gard a souhait\u00e9 prolonger son implication au service de la ligne, avec la cr\u00e9ation d\u2019une nouvelle association \u00ab\u00a0Vive le Train C\u00e9venol\u00a0\u00bb. Parmi les principales d\u00e9cisions de l\u2019\u00e9quipe coll\u00e9giale pour 2022, un Festival des Arches \u00e0 Chamborigaud le samedi 20 ao\u00fbt qui fait suite au Festival des Arches de Chapeauroux de 2021 et une journ\u00e9e de la ferro-rando le 18 ao\u00fbt dans les principales localit\u00e9s de la ligne.<\/p>\n<p align=\"justify\">Une commission patrimoine a \u00e9t\u00e9 cr\u00e9\u00e9e avec pour objectif, l\u2019inventaire du patrimoine encore en place de l\u2019\u00e9poque vapeur, puis restauration dans le cadre des possibilit\u00e9s financi\u00e8res de l\u2019association, des municipalit\u00e9s concern\u00e9es et l\u2019autorisation de la SNCF.<\/p>\n<p align=\"justify\">Jeudi 7 juillet, cinq b\u00e9n\u00e9voles de l\u2019association ont entrepris, avec l\u2019aide mat\u00e9rielle de la municipalit\u00e9, un premier chantier en gare de La Bastide-St Laurent-les-Bains. Objectif, r\u00e9habiliter l\u2019inscription situ\u00e9e sur un talus en face de la gare qui signalait autrefois aux voyageurs la gare d\u2019arriv\u00e9e. Mission accomplie par Jean-Marie Vedrenne, Marc Gouttebroze, Emmanuel Andr\u00e9, Michel Montanier, Jean-Louis Maurin, dans l\u2019attente d\u2019autres chantiers dans les mois qui suivent. Le 12 ao\u00fbt lors du 120<sup>\u00e8me<\/sup> Mende- La Bastide, l\u2019association \u00ab\u00a0Vive le Train C\u00e9venol\u00a0\u00bb tiendra un stand \u00e0 La Bastide, n\u2019h\u00e9sitez pas \u00e0 les rejoindre.<\/p>\n<p><img loading=\"lazy\" class=\"aligncenter size-large wp-image-394\" src=\"https:\/\/vivele.traincevenol.eu\/wp-content\/uploads\/2022\/07\/1500-IMG_20220707_104211_724-1024x575.jpg\" alt=\"\" width=\"1024\" height=\"575\" srcset=\"https:\/\/vivele.traincevenol.eu\/wp-content\/uploads\/2022\/07\/1500-IMG_20220707_104211_724-1024x575.jpg 1024w, https:\/\/vivele.traincevenol.eu\/wp-content\/uploads\/2022\/07\/1500-IMG_20220707_104211_724-300x169.jpg 300w, https:\/\/vivele.traincevenol.eu\/wp-content\/uploads\/2022\/07\/1500-IMG_20220707_104211_724-768x432.jpg 768w, https:\/\/vivele.traincevenol.eu\/wp-content\/uploads\/2022\/07\/1500-IMG_20220707_104211_724-600x337.jpg 600w, https:\/\/vivele.traincevenol.eu\/wp-content\/uploads\/2022\/07\/1500-IMG_20220707_104211_724.jpg 1500w\" sizes=\"(max-width: 1024px) 100vw, 1024px\" \/> <img loading=\"lazy\" class=\"aligncenter size-large wp-image-395\" src=\"https:\/\/vivele.traincevenol.eu\/wp-content\/uploads\/2022\/07\/1500-IMG_20220707_110342_977-1024x575.jpg\" alt=\"\" width=\"1024\" height=\"575\" srcset=\"https:\/\/vivele.traincevenol.eu\/wp-content\/uploads\/2022\/07\/1500-IMG_20220707_110342_977-1024x575.jpg 1024w, https:\/\/vivele.traincevenol.eu\/wp-content\/uploads\/2022\/07\/1500-IMG_20220707_110342_977-300x169.jpg 300w, https:\/\/vivele.traincevenol.eu\/wp-content\/uploads\/2022\/07\/1500-IMG_20220707_110342_977-768x432.jpg 768w, https:\/\/vivele.traincevenol.eu\/wp-content\/uploads\/2022\/07\/1500-IMG_20220707_110342_977-600x337.jpg 600w, https:\/\/vivele.traincevenol.eu\/wp-content\/uploads\/2022\/07\/1500-IMG_20220707_110342_977.jpg 1500w\" sizes=\"(max-width: 1024px) 100vw, 1024px\" \/><\/p>\n<p>Avant&#8230;<\/p>\n<p><img loading=\"lazy\" class=\"aligncenter size-large wp-image-390\" src=\"https:\/\/vivele.traincevenol.eu\/wp-content\/uploads\/2022\/07\/1500-IMG_20220707_093704_377-1024x575.jpg\" alt=\"\" width=\"1024\" height=\"575\" srcset=\"https:\/\/vivele.traincevenol.eu\/wp-content\/uploads\/2022\/07\/1500-IMG_20220707_093704_377-1024x575.jpg 1024w, https:\/\/vivele.traincevenol.eu\/wp-content\/uploads\/2022\/07\/1500-IMG_20220707_093704_377-300x169.jpg 300w, https:\/\/vivele.traincevenol.eu\/wp-content\/uploads\/2022\/07\/1500-IMG_20220707_093704_377-768x432.jpg 768w, https:\/\/vivele.traincevenol.eu\/wp-content\/uploads\/2022\/07\/1500-IMG_20220707_093704_377-600x337.jpg 600w, https:\/\/vivele.traincevenol.eu\/wp-content\/uploads\/2022\/07\/1500-IMG_20220707_093704_377.jpg 1500w\" sizes=\"(max-width: 1024px) 100vw, 1024px\" \/> <img loading=\"lazy\" class=\"aligncenter size-large wp-image-391\" src=\"https:\/\/vivele.traincevenol.eu\/wp-content\/uploads\/2022\/07\/1500-IMG_20220707_093759_222-1024x575.jpg\" alt=\"\" width=\"1024\" height=\"575\" srcset=\"https:\/\/vivele.traincevenol.eu\/wp-content\/uploads\/2022\/07\/1500-IMG_20220707_093759_222-1024x575.jpg 1024w, https:\/\/vivele.traincevenol.eu\/wp-content\/uploads\/2022\/07\/1500-IMG_20220707_093759_222-300x169.jpg 300w, https:\/\/vivele.traincevenol.eu\/wp-content\/uploads\/2022\/07\/1500-IMG_20220707_093759_222-768x432.jpg 768w, https:\/\/vivele.traincevenol.eu\/wp-content\/uploads\/2022\/07\/1500-IMG_20220707_093759_222-600x337.jpg 600w, https:\/\/vivele.traincevenol.eu\/wp-content\/uploads\/2022\/07\/1500-IMG_20220707_093759_222.jpg 1500w\" sizes=\"(max-width: 1024px) 100vw, 1024px\" \/><\/p>\n<p>Pendant&#8230;<\/p>\n<p><img loading=\"lazy\" class=\"aligncenter size-large wp-image-392\" src=\"https:\/\/vivele.traincevenol.eu\/wp-content\/uploads\/2022\/07\/1500-IMG_20220707_103718_099-1024x575.jpg\" alt=\"\" width=\"1024\" height=\"575\" srcset=\"https:\/\/vivele.traincevenol.eu\/wp-content\/uploads\/2022\/07\/1500-IMG_20220707_103718_099-1024x575.jpg 1024w, https:\/\/vivele.traincevenol.eu\/wp-content\/uploads\/2022\/07\/1500-IMG_20220707_103718_099-300x169.jpg 300w, https:\/\/vivele.traincevenol.eu\/wp-content\/uploads\/2022\/07\/1500-IMG_20220707_103718_099-768x432.jpg 768w, https:\/\/vivele.traincevenol.eu\/wp-content\/uploads\/2022\/07\/1500-IMG_20220707_103718_099-600x337.jpg 600w, https:\/\/vivele.traincevenol.eu\/wp-content\/uploads\/2022\/07\/1500-IMG_20220707_103718_099.jpg 1500w\" sizes=\"(max-width: 1024px) 100vw, 1024px\" \/> <img loading=\"lazy\" class=\"aligncenter size-large wp-image-393\" src=\"https:\/\/vivele.traincevenol.eu\/wp-content\/uploads\/2022\/07\/1500-IMG_20220707_104059_092-1024x575.jpg\" alt=\"\" width=\"1024\" height=\"575\" srcset=\"https:\/\/vivele.traincevenol.eu\/wp-content\/uploads\/2022\/07\/1500-IMG_20220707_104059_092-1024x575.jpg 1024w, https:\/\/vivele.traincevenol.eu\/wp-content\/uploads\/2022\/07\/1500-IMG_20220707_104059_092-300x169.jpg 300w, https:\/\/vivele.traincevenol.eu\/wp-content\/uploads\/2022\/07\/1500-IMG_20220707_104059_092-768x432.jpg 768w, https:\/\/vivele.traincevenol.eu\/wp-content\/uploads\/2022\/07\/1500-IMG_20220707_104059_092-600x337.jpg 600w, https:\/\/vivele.traincevenol.eu\/wp-content\/uploads\/2022\/07\/1500-IMG_20220707_104059_092.jpg 1500w\" sizes=\"(max-width: 1024px) 100vw, 1024px\" \/> <img loading=\"lazy\" class=\"aligncenter size-large wp-image-396\" src=\"https:\/\/vivele.traincevenol.eu\/wp-content\/uploads\/2022\/07\/1500-IMG_20220707_112541_289-1024x575.jpg\" alt=\"\" width=\"1024\" height=\"575\" srcset=\"https:\/\/vivele.traincevenol.eu\/wp-content\/uploads\/2022\/07\/1500-IMG_20220707_112541_289-1024x575.jpg 1024w, https:\/\/vivele.traincevenol.eu\/wp-content\/uploads\/2022\/07\/1500-IMG_20220707_112541_289-300x169.jpg 300w, https:\/\/vivele.traincevenol.eu\/wp-content\/uploads\/2022\/07\/1500-IMG_20220707_112541_289-768x432.jpg 768w, https:\/\/vivele.traincevenol.eu\/wp-content\/uploads\/2022\/07\/1500-IMG_20220707_112541_289-600x337.jpg 600w, https:\/\/vivele.traincevenol.eu\/wp-content\/uploads\/2022\/07\/1500-IMG_20220707_112541_289.jpg 1500w\" sizes=\"(max-width: 1024px) 100vw, 1024px\" \/><\/p>\n<p>Apr\u00e8s :<\/p>\n<p><img loading=\"lazy\" class=\"aligncenter size-large wp-image-397\" src=\"https:\/\/vivele.traincevenol.eu\/wp-content\/uploads\/2022\/07\/1500-IMG_7328-1024x534.jpg\" alt=\"\" width=\"1024\" height=\"534\" srcset=\"https:\/\/vivele.traincevenol.eu\/wp-content\/uploads\/2022\/07\/1500-IMG_7328-1024x534.jpg 1024w, https:\/\/vivele.traincevenol.eu\/wp-content\/uploads\/2022\/07\/1500-IMG_7328-300x156.jpg 300w, https:\/\/vivele.traincevenol.eu\/wp-content\/uploads\/2022\/07\/1500-IMG_7328-768x400.jpg 768w, https:\/\/vivele.traincevenol.eu\/wp-content\/uploads\/2022\/07\/1500-IMG_7328-600x313.jpg 600w, https:\/\/vivele.traincevenol.eu\/wp-content\/uploads\/2022\/07\/1500-IMG_7328.jpg 1500w\" sizes=\"(max-width: 1024px) 100vw, 1024px\" \/><\/p>\n<p>&nbsp;<\/p>\n","protected":false},"excerpt":{"rendered":"<p>Il faut entretenir ou faire \u00e9voluer certains ouvrages laiss\u00e9s \u00e0 l&rsquo;abandon soit par la SNCF soit par les communes, quelquefois nouvelles propri\u00e9taires. L&rsquo;association est l\u00e0 pour inciter \u00e0 la r\u00e9novation et la conservation. &nbsp; &nbsp; Premi\u00e8re op\u00e9ration pr\u00e9vue le jeudi 7 juillet 2022 gare de La Bastide Puylaurent (Loz\u00e8re). T\u00e9l\u00e9phoner pour participer au 0688308891. &nbsp; [&hellip;]<\/p>\n","protected":false},"author":1,"featured_media":0,"parent":0,"menu_order":0,"comment_status":"closed","ping_status":"closed","template":"","meta":[],"yoast_head":"<!-- This site is optimized with the Yoast SEO plugin v19.6 - https:\/\/yoast.com\/wordpress\/plugins\/seo\/ -->\n<title>Le patrimoine - Vive le train C\u00e9venol !<\/title>\n<meta name=\"robots\" content=\"index, follow, max-snippet:-1, max-image-preview:large, max-video-preview:-1\" \/>\n<link rel=\"canonical\" href=\"https:\/\/vivele.traincevenol.eu\/?page_id=221\" \/>\n<meta property=\"og:locale\" content=\"fr_FR\" \/>\n<meta property=\"og:type\" content=\"article\" \/>\n<meta property=\"og:title\" content=\"Le patrimoine - Vive le train C\u00e9venol !\" \/>\n<meta property=\"og:description\" content=\"Il faut entretenir ou faire \u00e9voluer certains ouvrages laiss\u00e9s \u00e0 l&rsquo;abandon soit par la SNCF soit par les communes, quelquefois nouvelles propri\u00e9taires. L&rsquo;association est l\u00e0 pour inciter \u00e0 la r\u00e9novation et la conservation. &nbsp; &nbsp; Premi\u00e8re op\u00e9ration pr\u00e9vue le jeudi 7 juillet 2022 gare de La Bastide Puylaurent (Loz\u00e8re). T\u00e9l\u00e9phoner pour participer au 0688308891. &nbsp; [&hellip;]\" \/>\n<meta property=\"og:url\" content=\"https:\/\/vivele.traincevenol.eu\/?page_id=221\" \/>\n<meta property=\"og:site_name\" content=\"Vive le train C\u00e9venol !\" \/>\n<meta property=\"article:modified_time\" content=\"2022-07-16T13:22:40+00:00\" \/>\n<meta property=\"og:image\" content=\"https:\/\/vivele.traincevenol.eu\/wp-content\/uploads\/2022\/06\/patrimoineIMG_6917-682x1024.jpg\" \/>\n<meta name=\"twitter:card\" content=\"summary_large_image\" \/>\n<meta name=\"twitter:site\" content=\"@traincevenol150\" \/>\n<meta name=\"twitter:label1\" content=\"Dur\u00e9e de lecture estim\u00e9e\" \/>\n\t<meta name=\"twitter:data1\" content=\"2 minutes\" \/>\n<script type=\"application\/ld+json\" class=\"yoast-schema-graph\">{\"@context\":\"https:\/\/schema.org\",\"@graph\":[{\"@type\":\"WebPage\",\"@id\":\"https:\/\/vivele.traincevenol.eu\/?page_id=221\",\"url\":\"https:\/\/vivele.traincevenol.eu\/?page_id=221\",\"name\":\"Le patrimoine - Vive le train C\u00e9venol !\",\"isPartOf\":{\"@id\":\"https:\/\/vivele.traincevenol.eu\/#website\"},\"datePublished\":\"2022-04-01T08:41:39+00:00\",\"dateModified\":\"2022-07-16T13:22:40+00:00\",\"breadcrumb\":{\"@id\":\"https:\/\/vivele.traincevenol.eu\/?page_id=221#breadcrumb\"},\"inLanguage\":\"fr-FR\",\"potentialAction\":[{\"@type\":\"ReadAction\",\"target\":[\"https:\/\/vivele.traincevenol.eu\/?page_id=221\"]}]},{\"@type\":\"BreadcrumbList\",\"@id\":\"https:\/\/vivele.traincevenol.eu\/?page_id=221#breadcrumb\",\"itemListElement\":[{\"@type\":\"ListItem\",\"position\":1,\"name\":\"Accueil\",\"item\":\"https:\/\/vivele.traincevenol.eu\/\"},{\"@type\":\"ListItem\",\"position\":2,\"name\":\"Le patrimoine\"}]},{\"@type\":\"WebSite\",\"@id\":\"https:\/\/vivele.traincevenol.eu\/#website\",\"url\":\"https:\/\/vivele.traincevenol.eu\/\",\"name\":\"Vive le train C\u00e9venol !\",\"description\":\"L&#039;axe M\u00e9diterran\u00e9e Auvergne via les C\u00e9vennes\",\"publisher\":{\"@id\":\"https:\/\/vivele.traincevenol.eu\/#organization\"},\"potentialAction\":[{\"@type\":\"SearchAction\",\"target\":{\"@type\":\"EntryPoint\",\"urlTemplate\":\"https:\/\/vivele.traincevenol.eu\/?s={search_term_string}\"},\"query-input\":\"required name=search_term_string\"}],\"inLanguage\":\"fr-FR\"},{\"@type\":\"Organization\",\"@id\":\"https:\/\/vivele.traincevenol.eu\/#organization\",\"name\":\"Association \\\"Vive le train C\u00e9venol \\\"\",\"url\":\"https:\/\/vivele.traincevenol.eu\/\",\"sameAs\":[\"https:\/\/twitter.com\/traincevenol150\"],\"logo\":{\"@type\":\"ImageObject\",\"inLanguage\":\"fr-FR\",\"@id\":\"https:\/\/vivele.traincevenol.eu\/#\/schema\/logo\/image\/\",\"url\":\"https:\/\/vivele.traincevenol.eu\/wp-content\/uploads\/2022\/02\/2022-logo-vltc-05.png\",\"contentUrl\":\"https:\/\/vivele.traincevenol.eu\/wp-content\/uploads\/2022\/02\/2022-logo-vltc-05.png\",\"width\":1496,\"height\":1496,\"caption\":\"Association \\\"Vive le train C\u00e9venol \\\"\"},\"image\":{\"@id\":\"https:\/\/vivele.traincevenol.eu\/#\/schema\/logo\/image\/\"}}]}<\/script>\n<!-- \/ Yoast SEO plugin. -->","yoast_head_json":{"title":"Le patrimoine - Vive le train C\u00e9venol !","robots":{"index":"index","follow":"follow","max-snippet":"max-snippet:-1","max-image-preview":"max-image-preview:large","max-video-preview":"max-video-preview:-1"},"canonical":"https:\/\/vivele.traincevenol.eu\/?page_id=221","og_locale":"fr_FR","og_type":"article","og_title":"Le patrimoine - Vive le train C\u00e9venol !","og_description":"Il faut entretenir ou faire \u00e9voluer certains ouvrages laiss\u00e9s \u00e0 l&rsquo;abandon soit par la SNCF soit par les communes, quelquefois nouvelles propri\u00e9taires. L&rsquo;association est l\u00e0 pour inciter \u00e0 la r\u00e9novation et la conservation. &nbsp; &nbsp; Premi\u00e8re op\u00e9ration pr\u00e9vue le jeudi 7 juillet 2022 gare de La Bastide Puylaurent (Loz\u00e8re). T\u00e9l\u00e9phoner pour participer au 0688308891. &nbsp; [&hellip;]","og_url":"https:\/\/vivele.traincevenol.eu\/?page_id=221","og_site_name":"Vive le train C\u00e9venol !","article_modified_time":"2022-07-16T13:22:40+00:00","og_image":[{"url":"https:\/\/vivele.traincevenol.eu\/wp-content\/uploads\/2022\/06\/patrimoineIMG_6917-682x1024.jpg"}],"twitter_card":"summary_large_image","twitter_site":"@traincevenol150","twitter_misc":{"Dur\u00e9e de lecture estim\u00e9e":"2 minutes"},"schema":{"@context":"https:\/\/schema.org","@graph":[{"@type":"WebPage","@id":"https:\/\/vivele.traincevenol.eu\/?page_id=221","url":"https:\/\/vivele.traincevenol.eu\/?page_id=221","name":"Le patrimoine - Vive le train C\u00e9venol !","isPartOf":{"@id":"https:\/\/vivele.traincevenol.eu\/#website"},"datePublished":"2022-04-01T08:41:39+00:00","dateModified":"2022-07-16T13:22:40+00:00","breadcrumb":{"@id":"https:\/\/vivele.traincevenol.eu\/?page_id=221#breadcrumb"},"inLanguage":"fr-FR","potentialAction":[{"@type":"ReadAction","target":["https:\/\/vivele.traincevenol.eu\/?page_id=221"]}]},{"@type":"BreadcrumbList","@id":"https:\/\/vivele.traincevenol.eu\/?page_id=221#breadcrumb","itemListElement":[{"@type":"ListItem","position":1,"name":"Accueil","item":"https:\/\/vivele.traincevenol.eu\/"},{"@type":"ListItem","position":2,"name":"Le patrimoine"}]},{"@type":"WebSite","@id":"https:\/\/vivele.traincevenol.eu\/#website","url":"https:\/\/vivele.traincevenol.eu\/","name":"Vive le train C\u00e9venol !","description":"L&#039;axe M\u00e9diterran\u00e9e Auvergne via les C\u00e9vennes","publisher":{"@id":"https:\/\/vivele.traincevenol.eu\/#organization"},"potentialAction":[{"@type":"SearchAction","target":{"@type":"EntryPoint","urlTemplate":"https:\/\/vivele.traincevenol.eu\/?s={search_term_string}"},"query-input":"required name=search_term_string"}],"inLanguage":"fr-FR"},{"@type":"Organization","@id":"https:\/\/vivele.traincevenol.eu\/#organization","name":"Association \"Vive le train C\u00e9venol \"","url":"https:\/\/vivele.traincevenol.eu\/","sameAs":["https:\/\/twitter.com\/traincevenol150"],"logo":{"@type":"ImageObject","inLanguage":"fr-FR","@id":"https:\/\/vivele.traincevenol.eu\/#\/schema\/logo\/image\/","url":"https:\/\/vivele.traincevenol.eu\/wp-content\/uploads\/2022\/02\/2022-logo-vltc-05.png","contentUrl":"https:\/\/vivele.traincevenol.eu\/wp-content\/uploads\/2022\/02\/2022-logo-vltc-05.png","width":1496,"height":1496,"caption":"Association \"Vive le train C\u00e9venol \""},"image":{"@id":"https:\/\/vivele.traincevenol.eu\/#\/schema\/logo\/image\/"}}]}},"_links":{"self":[{"href":"https:\/\/vivele.traincevenol.eu\/index.php?rest_route=\/wp\/v2\/pages\/221"}],"collection":[{"href":"https:\/\/vivele.traincevenol.eu\/index.php?rest_route=\/wp\/v2\/pages"}],"about":[{"href":"https:\/\/vivele.traincevenol.eu\/index.php?rest_route=\/wp\/v2\/types\/page"}],"author":[{"embeddable":true,"href":"https:\/\/vivele.traincevenol.eu\/index.php?rest_route=\/wp\/v2\/users\/1"}],"replies":[{"embeddable":true,"href":"https:\/\/vivele.traincevenol.eu\/index.php?rest_route=%2Fwp%2Fv2%2Fcomments&post=221"}],"version-history":[{"count":10,"href":"https:\/\/vivele.traincevenol.eu\/index.php?rest_route=\/wp\/v2\/pages\/221\/revisions"}],"predecessor-version":[{"id":404,"href":"https:\/\/vivele.traincevenol.eu\/index.php?rest_route=\/wp\/v2\/pages\/221\/revisions\/404"}],"wp:attachment":[{"href":"https:\/\/vivele.traincevenol.eu\/index.php?rest_route=%2Fwp%2Fv2%2Fmedia&parent=221"}],"curies":[{"name":"wp","href":"https:\/\/api.w.org\/{rel}","templated":true}]}}