{"id":214,"date":"2022-04-01T10:36:01","date_gmt":"2022-04-01T08:36:01","guid":{"rendered":"https:\/\/vivele.traincevenol.eu\/?page_id=214"},"modified":"2022-07-27T16:07:27","modified_gmt":"2022-07-27T14:07:27","slug":"solidaires","status":"publish","type":"page","link":"https:\/\/vivele.traincevenol.eu\/?page_id=214","title":{"rendered":"Des territoires solidaires"},"content":{"rendered":"<p>Le train C\u00e9venol assure le lien entre la M\u00e9diterran\u00e9e, les C\u00e9vennes et l&rsquo;Auvergne \u00e0 l&rsquo;image de la plaque comm\u00e9morative qui a circul\u00e9 tout l&rsquo;\u00e9t\u00e9 2021 de commune en commune, pass\u00e9e de l&rsquo;une \u00e0 l&rsquo;autre par les premiers \u00e9diles des C\u00e9vennes et du Haut Allier.<\/p>\n<p><a href=\"https:\/\/vivele.traincevenol.eu\/wp-content\/uploads\/2022\/06\/plaque-train-cevenol.png\"><img loading=\"lazy\" class=\"aligncenter size-full wp-image-315\" src=\"https:\/\/vivele.traincevenol.eu\/wp-content\/uploads\/2022\/06\/plaque-train-cevenol.png\" alt=\"\" width=\"699\" height=\"278\" srcset=\"https:\/\/vivele.traincevenol.eu\/wp-content\/uploads\/2022\/06\/plaque-train-cevenol.png 699w, https:\/\/vivele.traincevenol.eu\/wp-content\/uploads\/2022\/06\/plaque-train-cevenol-300x119.png 300w, https:\/\/vivele.traincevenol.eu\/wp-content\/uploads\/2022\/06\/plaque-train-cevenol-600x239.png 600w\" sizes=\"(max-width: 699px) 100vw, 699px\" \/><\/a><\/p>\n<p>Exemple le passage de t\u00e9moin \u00e0 Monistrol&#8230;<\/p>\n<p><a href=\"https:\/\/vivele.traincevenol.eu\/wp-content\/uploads\/2022\/06\/IMG_20210816_113138_535-scaled.jpg\"><img loading=\"lazy\" class=\"aligncenter size-large wp-image-326\" src=\"https:\/\/vivele.traincevenol.eu\/wp-content\/uploads\/2022\/06\/IMG_20210816_113138_535-1024x576.jpg\" alt=\"\" width=\"1024\" height=\"576\" srcset=\"https:\/\/vivele.traincevenol.eu\/wp-content\/uploads\/2022\/06\/IMG_20210816_113138_535-1024x576.jpg 1024w, https:\/\/vivele.traincevenol.eu\/wp-content\/uploads\/2022\/06\/IMG_20210816_113138_535-300x169.jpg 300w, https:\/\/vivele.traincevenol.eu\/wp-content\/uploads\/2022\/06\/IMG_20210816_113138_535-768x432.jpg 768w, https:\/\/vivele.traincevenol.eu\/wp-content\/uploads\/2022\/06\/IMG_20210816_113138_535-1536x864.jpg 1536w, https:\/\/vivele.traincevenol.eu\/wp-content\/uploads\/2022\/06\/IMG_20210816_113138_535-2048x1152.jpg 2048w, https:\/\/vivele.traincevenol.eu\/wp-content\/uploads\/2022\/06\/IMG_20210816_113138_535-600x338.jpg 600w\" sizes=\"(max-width: 1024px) 100vw, 1024px\" \/><\/a><\/p>\n<p>&nbsp;<\/p>\n<p><strong>Et puisque nous sommes solidaires, nous le sommes aussi avec la ligne du Transloz\u00e9rien dont le tron\u00e7on Mende \/ La Bastide Saint-Laurent les Bains f\u00eate ses 120 ans en 2022. Notre association disposera d&rsquo;un stand le 12 ao\u00fbt \u00e0 la Bastide. En voici le programme :<\/strong><\/p>\n<p><img loading=\"lazy\" class=\"aligncenter size-full wp-image-420\" src=\"https:\/\/vivele.traincevenol.eu\/wp-content\/uploads\/2022\/07\/affiche120ans.jpg\" alt=\"\" width=\"700\" height=\"994\" srcset=\"https:\/\/vivele.traincevenol.eu\/wp-content\/uploads\/2022\/07\/affiche120ans.jpg 700w, https:\/\/vivele.traincevenol.eu\/wp-content\/uploads\/2022\/07\/affiche120ans-211x300.jpg 211w, https:\/\/vivele.traincevenol.eu\/wp-content\/uploads\/2022\/07\/affiche120ans-600x852.jpg 600w\" sizes=\"(max-width: 700px) 100vw, 700px\" \/><\/p>\n<p>&nbsp;<\/p>\n<p><img loading=\"lazy\" class=\"aligncenter size-large wp-image-421\" src=\"https:\/\/vivele.traincevenol.eu\/wp-content\/uploads\/2022\/07\/Programme120ansduTranslozerien-1-1024x713.jpg\" alt=\"\" width=\"1024\" height=\"713\" srcset=\"https:\/\/vivele.traincevenol.eu\/wp-content\/uploads\/2022\/07\/Programme120ansduTranslozerien-1-1024x713.jpg 1024w, https:\/\/vivele.traincevenol.eu\/wp-content\/uploads\/2022\/07\/Programme120ansduTranslozerien-1-300x209.jpg 300w, https:\/\/vivele.traincevenol.eu\/wp-content\/uploads\/2022\/07\/Programme120ansduTranslozerien-1-768x535.jpg 768w, https:\/\/vivele.traincevenol.eu\/wp-content\/uploads\/2022\/07\/Programme120ansduTranslozerien-1-600x418.jpg 600w, https:\/\/vivele.traincevenol.eu\/wp-content\/uploads\/2022\/07\/Programme120ansduTranslozerien-1.jpg 1056w\" sizes=\"(max-width: 1024px) 100vw, 1024px\" \/><\/p>\n<p>&nbsp;<\/p>\n<p>Et des pr\u00e9cisions par rapport au d\u00e9pliant ci-dessus :<\/p>\n<p><strong>Ferro-rando Langogne Labastide le dimanche 7 ao\u00fbt<\/strong> :<br class=\"autobr\" \/>\u00a0<img loading=\"lazy\" class=\"br-auto\" title=\"Retour ligne automatique\" src=\"https:\/\/usagers-transports.haut-allier.eu\/local\/cache-vignettes\/L10xH10\/br-auto-10-8beb9.png?1647096866\" alt=\"Retour ligne automatique\" width=\"10\" height=\"10\" \/><br class=\"autobr\" \/>Rendez-vous en gare de Langogne \u00e0 8h30.<img loading=\"lazy\" class=\"br-auto\" title=\"Retour ligne automatique\" src=\"https:\/\/usagers-transports.haut-allier.eu\/local\/cache-vignettes\/L10xH10\/br-auto-10-8beb9.png?1647096866\" alt=\"Retour ligne automatique\" width=\"10\" height=\"10\" \/><br class=\"autobr\" \/>10\u20ac \u00e0 pr\u00e9voir pour le parcours en train , aller et retour.<img loading=\"lazy\" class=\"br-auto\" title=\"Retour ligne automatique\" src=\"https:\/\/usagers-transports.haut-allier.eu\/local\/cache-vignettes\/L10xH10\/br-auto-10-8beb9.png?1647096866\" alt=\"Retour ligne automatique\" width=\"10\" height=\"10\" \/><br class=\"autobr\" \/>D\u00e9part en train sp\u00e9cial de la gare de Langogne \u00e0 8h58 pour Chasserad\u00e8s.<img loading=\"lazy\" class=\"br-auto\" title=\"Retour ligne automatique\" src=\"https:\/\/usagers-transports.haut-allier.eu\/local\/cache-vignettes\/L10xH10\/br-auto-10-8beb9.png?1647096866\" alt=\"Retour ligne automatique\" width=\"10\" height=\"10\" \/><br class=\"autobr\" \/>Randonn\u00e9e de Chasserad\u00e8s vers La Bastide via Mirandol.<img loading=\"lazy\" class=\"br-auto\" title=\"Retour ligne automatique\" src=\"https:\/\/usagers-transports.haut-allier.eu\/local\/cache-vignettes\/L10xH10\/br-auto-10-8beb9.png?1647096866\" alt=\"Retour ligne automatique\" width=\"10\" height=\"10\" \/><br class=\"autobr\" \/>Parcours \u00e0 pied de 17 km, d\u00e9nivel\u00e9s\u00a0: +371m -514m.\u00a0<img loading=\"lazy\" class=\"br-auto\" title=\"Retour ligne automatique\" src=\"https:\/\/usagers-transports.haut-allier.eu\/local\/cache-vignettes\/L10xH10\/br-auto-10-8beb9.png?1647096866\" alt=\"Retour ligne automatique\" width=\"10\" height=\"10\" \/><br class=\"autobr\" \/>Marche effectu\u00e9e en grande partie sur chemins agricoles, sans difficult\u00e9s particuli\u00e8res.<img loading=\"lazy\" class=\"br-auto\" title=\"Retour ligne automatique\" src=\"https:\/\/usagers-transports.haut-allier.eu\/local\/cache-vignettes\/L10xH10\/br-auto-10-8beb9.png?1647096866\" alt=\"Retour ligne automatique\" width=\"10\" height=\"10\" \/><br class=\"autobr\" \/>Retour en train sp\u00e9cial au d\u00e9part de la gare de La Bastide \u00e0 17h00 pour une arriv\u00e9e \u00e0 Langogne \u00e0 17h25.<img loading=\"lazy\" class=\"br-auto\" title=\"Retour ligne automatique\" src=\"https:\/\/usagers-transports.haut-allier.eu\/local\/cache-vignettes\/L10xH10\/br-auto-10-8beb9.png?1647096866\" alt=\"Retour ligne automatique\" width=\"10\" height=\"10\" \/><br class=\"autobr\" \/>Pr\u00e9voir repas tir\u00e9 du sac pour pique nique \u00e0 midi et suffisamment d\u2019eau car aucune possibilit\u00e9 de ravitaillement.<img loading=\"lazy\" class=\"br-auto\" title=\"Retour ligne automatique\" src=\"https:\/\/usagers-transports.haut-allier.eu\/local\/cache-vignettes\/L10xH10\/br-auto-10-8beb9.png?1647096866\" alt=\"Retour ligne automatique\" width=\"10\" height=\"10\" \/><br class=\"autobr\" \/>Inscriptions et renseignements : 06 76 33 40 44<img loading=\"lazy\" class=\"br-auto\" title=\"Retour ligne automatique\" src=\"https:\/\/usagers-transports.haut-allier.eu\/local\/cache-vignettes\/L10xH10\/br-auto-10-8beb9.png?1647096866\" alt=\"Retour ligne automatique\" width=\"10\" height=\"10\" \/><\/p>\n<p><strong>Pr\u00e9cisions sur\u00a0le 9 ao\u00fbt ! Voir ci-dessous :<\/strong><\/p>\n<p><img loading=\"lazy\" class=\"aligncenter size-large wp-image-418\" src=\"https:\/\/vivele.traincevenol.eu\/wp-content\/uploads\/2022\/07\/Train-Bleu-du-Sud-9-08-724x1024.jpg\" alt=\"\" width=\"724\" height=\"1024\" srcset=\"https:\/\/vivele.traincevenol.eu\/wp-content\/uploads\/2022\/07\/Train-Bleu-du-Sud-9-08-724x1024.jpg 724w, https:\/\/vivele.traincevenol.eu\/wp-content\/uploads\/2022\/07\/Train-Bleu-du-Sud-9-08-212x300.jpg 212w, https:\/\/vivele.traincevenol.eu\/wp-content\/uploads\/2022\/07\/Train-Bleu-du-Sud-9-08-768x1086.jpg 768w, https:\/\/vivele.traincevenol.eu\/wp-content\/uploads\/2022\/07\/Train-Bleu-du-Sud-9-08-1086x1536.jpg 1086w, https:\/\/vivele.traincevenol.eu\/wp-content\/uploads\/2022\/07\/Train-Bleu-du-Sud-9-08-600x849.jpg 600w, https:\/\/vivele.traincevenol.eu\/wp-content\/uploads\/2022\/07\/Train-Bleu-du-Sud-9-08.jpg 1448w\" sizes=\"(max-width: 724px) 100vw, 724px\" \/><\/p>\n<p>&nbsp;<\/p>\n<p>Et puisque nous \u00e9voquons la ligne du \u00ab\u00a0H loz\u00e9rien\u00a0\u00bb voici une petite vid\u00e9o du TER Occitanie passant sur le viaduc et dans la galerie de Mirandol &#8211; Chasserad\u00e8s en Loz\u00e8re au mois de juillet 2022 :<\/p>\n<p>&nbsp;<\/p>\n<p><center><br \/>\n<iframe loading=\"lazy\" title=\"YouTube video player\" src=\"https:\/\/www.youtube.com\/embed\/VcGSKanoShw\" width=\"560\" height=\"315\" frameborder=\"0\" allowfullscreen=\"allowfullscreen\"><\/iframe><\/center><\/p>\n","protected":false},"excerpt":{"rendered":"<p>Le train C\u00e9venol assure le lien entre la M\u00e9diterran\u00e9e, les C\u00e9vennes et l&rsquo;Auvergne \u00e0 l&rsquo;image de la plaque comm\u00e9morative qui a circul\u00e9 tout l&rsquo;\u00e9t\u00e9 2021 de commune en commune, pass\u00e9e de l&rsquo;une \u00e0 l&rsquo;autre par les premiers \u00e9diles des C\u00e9vennes et du Haut Allier. Exemple le passage de t\u00e9moin \u00e0 Monistrol&#8230; &nbsp; Et puisque nous [&hellip;]<\/p>\n","protected":false},"author":1,"featured_media":0,"parent":0,"menu_order":0,"comment_status":"closed","ping_status":"closed","template":"","meta":[],"yoast_head":"<!-- This site is optimized with the Yoast SEO plugin v19.6 - https:\/\/yoast.com\/wordpress\/plugins\/seo\/ -->\n<title>Des territoires solidaires - Vive le train C\u00e9venol !<\/title>\n<meta name=\"robots\" content=\"index, follow, max-snippet:-1, max-image-preview:large, max-video-preview:-1\" \/>\n<link rel=\"canonical\" href=\"https:\/\/vivele.traincevenol.eu\/?page_id=214\" \/>\n<meta property=\"og:locale\" content=\"fr_FR\" \/>\n<meta property=\"og:type\" content=\"article\" \/>\n<meta property=\"og:title\" content=\"Des territoires solidaires - Vive le train C\u00e9venol !\" \/>\n<meta property=\"og:description\" content=\"Le train C\u00e9venol assure le lien entre la M\u00e9diterran\u00e9e, les C\u00e9vennes et l&rsquo;Auvergne \u00e0 l&rsquo;image de la plaque comm\u00e9morative qui a circul\u00e9 tout l&rsquo;\u00e9t\u00e9 2021 de commune en commune, pass\u00e9e de l&rsquo;une \u00e0 l&rsquo;autre par les premiers \u00e9diles des C\u00e9vennes et du Haut Allier. Exemple le passage de t\u00e9moin \u00e0 Monistrol&#8230; &nbsp; Et puisque nous [&hellip;]\" \/>\n<meta property=\"og:url\" content=\"https:\/\/vivele.traincevenol.eu\/?page_id=214\" \/>\n<meta property=\"og:site_name\" content=\"Vive le train C\u00e9venol !\" \/>\n<meta property=\"article:modified_time\" content=\"2022-07-27T14:07:27+00:00\" \/>\n<meta property=\"og:image\" content=\"https:\/\/vivele.traincevenol.eu\/wp-content\/uploads\/2022\/06\/plaque-train-cevenol.png\" \/>\n<meta name=\"twitter:card\" content=\"summary_large_image\" \/>\n<meta name=\"twitter:site\" content=\"@traincevenol150\" \/>\n<meta name=\"twitter:label1\" content=\"Dur\u00e9e de lecture estim\u00e9e\" \/>\n\t<meta name=\"twitter:data1\" content=\"1 minute\" \/>\n<script type=\"application\/ld+json\" class=\"yoast-schema-graph\">{\"@context\":\"https:\/\/schema.org\",\"@graph\":[{\"@type\":\"WebPage\",\"@id\":\"https:\/\/vivele.traincevenol.eu\/?page_id=214\",\"url\":\"https:\/\/vivele.traincevenol.eu\/?page_id=214\",\"name\":\"Des territoires solidaires - Vive le train C\u00e9venol !\",\"isPartOf\":{\"@id\":\"https:\/\/vivele.traincevenol.eu\/#website\"},\"datePublished\":\"2022-04-01T08:36:01+00:00\",\"dateModified\":\"2022-07-27T14:07:27+00:00\",\"breadcrumb\":{\"@id\":\"https:\/\/vivele.traincevenol.eu\/?page_id=214#breadcrumb\"},\"inLanguage\":\"fr-FR\",\"potentialAction\":[{\"@type\":\"ReadAction\",\"target\":[\"https:\/\/vivele.traincevenol.eu\/?page_id=214\"]}]},{\"@type\":\"BreadcrumbList\",\"@id\":\"https:\/\/vivele.traincevenol.eu\/?page_id=214#breadcrumb\",\"itemListElement\":[{\"@type\":\"ListItem\",\"position\":1,\"name\":\"Accueil\",\"item\":\"https:\/\/vivele.traincevenol.eu\/\"},{\"@type\":\"ListItem\",\"position\":2,\"name\":\"Des territoires solidaires\"}]},{\"@type\":\"WebSite\",\"@id\":\"https:\/\/vivele.traincevenol.eu\/#website\",\"url\":\"https:\/\/vivele.traincevenol.eu\/\",\"name\":\"Vive le train C\u00e9venol !\",\"description\":\"L&#039;axe M\u00e9diterran\u00e9e Auvergne via les C\u00e9vennes\",\"publisher\":{\"@id\":\"https:\/\/vivele.traincevenol.eu\/#organization\"},\"potentialAction\":[{\"@type\":\"SearchAction\",\"target\":{\"@type\":\"EntryPoint\",\"urlTemplate\":\"https:\/\/vivele.traincevenol.eu\/?s={search_term_string}\"},\"query-input\":\"required name=search_term_string\"}],\"inLanguage\":\"fr-FR\"},{\"@type\":\"Organization\",\"@id\":\"https:\/\/vivele.traincevenol.eu\/#organization\",\"name\":\"Association \\\"Vive le train C\u00e9venol \\\"\",\"url\":\"https:\/\/vivele.traincevenol.eu\/\",\"sameAs\":[\"https:\/\/twitter.com\/traincevenol150\"],\"logo\":{\"@type\":\"ImageObject\",\"inLanguage\":\"fr-FR\",\"@id\":\"https:\/\/vivele.traincevenol.eu\/#\/schema\/logo\/image\/\",\"url\":\"https:\/\/vivele.traincevenol.eu\/wp-content\/uploads\/2022\/02\/2022-logo-vltc-05.png\",\"contentUrl\":\"https:\/\/vivele.traincevenol.eu\/wp-content\/uploads\/2022\/02\/2022-logo-vltc-05.png\",\"width\":1496,\"height\":1496,\"caption\":\"Association \\\"Vive le train C\u00e9venol \\\"\"},\"image\":{\"@id\":\"https:\/\/vivele.traincevenol.eu\/#\/schema\/logo\/image\/\"}}]}<\/script>\n<!-- \/ Yoast SEO plugin. -->","yoast_head_json":{"title":"Des territoires solidaires - Vive le train C\u00e9venol !","robots":{"index":"index","follow":"follow","max-snippet":"max-snippet:-1","max-image-preview":"max-image-preview:large","max-video-preview":"max-video-preview:-1"},"canonical":"https:\/\/vivele.traincevenol.eu\/?page_id=214","og_locale":"fr_FR","og_type":"article","og_title":"Des territoires solidaires - Vive le train C\u00e9venol !","og_description":"Le train C\u00e9venol assure le lien entre la M\u00e9diterran\u00e9e, les C\u00e9vennes et l&rsquo;Auvergne \u00e0 l&rsquo;image de la plaque comm\u00e9morative qui a circul\u00e9 tout l&rsquo;\u00e9t\u00e9 2021 de commune en commune, pass\u00e9e de l&rsquo;une \u00e0 l&rsquo;autre par les premiers \u00e9diles des C\u00e9vennes et du Haut Allier. Exemple le passage de t\u00e9moin \u00e0 Monistrol&#8230; &nbsp; Et puisque nous [&hellip;]","og_url":"https:\/\/vivele.traincevenol.eu\/?page_id=214","og_site_name":"Vive le train C\u00e9venol !","article_modified_time":"2022-07-27T14:07:27+00:00","og_image":[{"url":"https:\/\/vivele.traincevenol.eu\/wp-content\/uploads\/2022\/06\/plaque-train-cevenol.png"}],"twitter_card":"summary_large_image","twitter_site":"@traincevenol150","twitter_misc":{"Dur\u00e9e de lecture estim\u00e9e":"1 minute"},"schema":{"@context":"https:\/\/schema.org","@graph":[{"@type":"WebPage","@id":"https:\/\/vivele.traincevenol.eu\/?page_id=214","url":"https:\/\/vivele.traincevenol.eu\/?page_id=214","name":"Des territoires solidaires - Vive le train C\u00e9venol !","isPartOf":{"@id":"https:\/\/vivele.traincevenol.eu\/#website"},"datePublished":"2022-04-01T08:36:01+00:00","dateModified":"2022-07-27T14:07:27+00:00","breadcrumb":{"@id":"https:\/\/vivele.traincevenol.eu\/?page_id=214#breadcrumb"},"inLanguage":"fr-FR","potentialAction":[{"@type":"ReadAction","target":["https:\/\/vivele.traincevenol.eu\/?page_id=214"]}]},{"@type":"BreadcrumbList","@id":"https:\/\/vivele.traincevenol.eu\/?page_id=214#breadcrumb","itemListElement":[{"@type":"ListItem","position":1,"name":"Accueil","item":"https:\/\/vivele.traincevenol.eu\/"},{"@type":"ListItem","position":2,"name":"Des territoires solidaires"}]},{"@type":"WebSite","@id":"https:\/\/vivele.traincevenol.eu\/#website","url":"https:\/\/vivele.traincevenol.eu\/","name":"Vive le train C\u00e9venol !","description":"L&#039;axe M\u00e9diterran\u00e9e Auvergne via les C\u00e9vennes","publisher":{"@id":"https:\/\/vivele.traincevenol.eu\/#organization"},"potentialAction":[{"@type":"SearchAction","target":{"@type":"EntryPoint","urlTemplate":"https:\/\/vivele.traincevenol.eu\/?s={search_term_string}"},"query-input":"required name=search_term_string"}],"inLanguage":"fr-FR"},{"@type":"Organization","@id":"https:\/\/vivele.traincevenol.eu\/#organization","name":"Association \"Vive le train C\u00e9venol \"","url":"https:\/\/vivele.traincevenol.eu\/","sameAs":["https:\/\/twitter.com\/traincevenol150"],"logo":{"@type":"ImageObject","inLanguage":"fr-FR","@id":"https:\/\/vivele.traincevenol.eu\/#\/schema\/logo\/image\/","url":"https:\/\/vivele.traincevenol.eu\/wp-content\/uploads\/2022\/02\/2022-logo-vltc-05.png","contentUrl":"https:\/\/vivele.traincevenol.eu\/wp-content\/uploads\/2022\/02\/2022-logo-vltc-05.png","width":1496,"height":1496,"caption":"Association \"Vive le train C\u00e9venol \""},"image":{"@id":"https:\/\/vivele.traincevenol.eu\/#\/schema\/logo\/image\/"}}]}},"_links":{"self":[{"href":"https:\/\/vivele.traincevenol.eu\/index.php?rest_route=\/wp\/v2\/pages\/214"}],"collection":[{"href":"https:\/\/vivele.traincevenol.eu\/index.php?rest_route=\/wp\/v2\/pages"}],"about":[{"href":"https:\/\/vivele.traincevenol.eu\/index.php?rest_route=\/wp\/v2\/types\/page"}],"author":[{"embeddable":true,"href":"https:\/\/vivele.traincevenol.eu\/index.php?rest_route=\/wp\/v2\/users\/1"}],"replies":[{"embeddable":true,"href":"https:\/\/vivele.traincevenol.eu\/index.php?rest_route=%2Fwp%2Fv2%2Fcomments&post=214"}],"version-history":[{"count":14,"href":"https:\/\/vivele.traincevenol.eu\/index.php?rest_route=\/wp\/v2\/pages\/214\/revisions"}],"predecessor-version":[{"id":427,"href":"https:\/\/vivele.traincevenol.eu\/index.php?rest_route=\/wp\/v2\/pages\/214\/revisions\/427"}],"wp:attachment":[{"href":"https:\/\/vivele.traincevenol.eu\/index.php?rest_route=%2Fwp%2Fv2%2Fmedia&parent=214"}],"curies":[{"name":"wp","href":"https:\/\/api.w.org\/{rel}","templated":true}]}}